e the remainder when 16 is divided by ((-2)/(s/(-35) - -2))/2.
2
Let r(w) = -w - 8. Let t be r(-6). Let i be (-3)/((t/(-6))/((-18)/(-54))). Calculate the remainder when (-32)/(-6)*4/(-8)*i is divided by 7.
1
Let x(p) = -12*p**2 - p + 45. Let r be x(7). Let j = -512 - r. Let d(c) = -c**2 - 7*c + 7. Calculate the remainder when j is divided by d(-6).
12
Let k = 9134 + -9010. Calculate the remainder when k is divided by 24.
4
Let b = 31319 - 31303. What is the remainder when (4 - 3)/(1/26) is divided by b?
10
Let k(q) be the third derivative of -q**5/15 + 35*q**4/24 - q**3 + 4*q**2. Calculate the remainder when 214 is divided by k(7).
42
Let q = 91 - 50. Let v = 70785 + -70743. What is the remainder when v is divided by q?
1
Suppose -b + 67 = -5*i, 3*b = -288*i + 290*i + 201. What is the remainder when 486 is divided by b?
17
Let g be 4/8 - (-733)/2. Let i = 1360 - 888. Suppose 4*q = c + i, -q + 4*q - g = 4*c. Calculate the remainder when q is divided by 17.
15
Suppose -4*w = -3*d - 1624, -3*d - w - 1634 = -3*w. Let j = d + 152. Calculate the remainder when ((-634)/22)/(-1) - 72/j is divided by 10.
9
Let t be (-1)/(-1)*(8 - 8)/6. Suppose -18*y + 4*y + 700 = t. Calculate the remainder when 137 is divided by y.
37
Suppose -202 = -5*c + 4*p, 3*c + 58*p - 54*p - 102 = 0. Calculate the remainder when 198 is divided by c.
8
Let u be ((-7)/((-56)/(-12)))/((-6)/(-128)). Let k = -28 - u. Let h = k - -25. What is the remainder when 172 is divided by h?
27
Suppose 21 = 3*i, 4*i = 5*a + 6*i - 614. What is the remainder when 3957 is divided by a?
117
Let p(i) be the third derivative of i**5/60 - 17*i**4/24 + 11*i**3/2 - 3*i**2 + 4*i. Calculate the remainder when 4 is divided by p(15).
1
Let o(a) = 17*a - 195. Let s be o(11). What is the remainder when (4185/(-5) - s)/(-1) is divided by 16?
13
Let q = 3312 + -3176. Calculate the remainder when 949 is divided by q.
133
Suppose -5*r + 4*w + 67 = 0, 21*r - 2*w = 25*r - 64. Suppose -5*v + 136 = -v. Calculate the remainder when v is divided by r.
4
Suppose 19*y = 1963 - 82. Let n = 160 + y. What is the remainder when n is divided by 34?
21
Suppose -635*b + 59873 = 49863 - 137310. Suppose 5*a - u - 136 = u, u = -3*a + 75. Calculate the remainder when b is divided by a.
24
Suppose -32 = -4*l + 4*a, 2*a + 30 = 2*l + 2*l. Suppose l*y - 322 = -98. What is the remainder when 56 is divided by y?
24
What is the remainder when -2 + -1 - -3413 - -10 is divided by 107?
103
Suppose -v + 58 = 5*o, -4*v - 2*o + 73 = -3*v. Calculate the remainder when 219 is divided by v.
53
Let v(u) = -u**3 - 4*u**2 - 5*u - 4. Let z be v(-3). Suppose -n + z*p = -6, -2*n - p = p - 18. Calculate the remainder when ((-1)/(-2))/(5/280) is divided by n.
4
Let b be (2/6)/(4/48). Suppose -2*q + 8 = 2*w, -b = w - 5. Suppose -3*u = 5*d - 24, -4*u + 4*d + 32 = -d. What is the remainder when u is divided by q?
2
Suppose k = 2*h - 27 - 15, -3*h - 105 = 2*k. Let u be (-8)/(-3)*k/(-32). Suppose 8*g - u = 6*g. What is the remainder when 5 is divided by g?
1
Let o(x) = -2*x**3 + 40*x**2 - 32*x + 4. Suppose -11*g = -114 - 95. Calculate the remainder when o(g) is divided by 17.
16
Suppose 3*n = -4*t + 2*n + 122, -5*t + 3*n = -144. What is the remainder when (122 - 4) + 542 + -578 is divided by t?
22
Let i(h) = h**2 - 22*h - 358. What is the remainder when 156 is divided by i(-12)?
6
Suppose 146*d - 141*d - 5*i = 355, 4*d = 3*i + 277. What is the remainder when 799 is divided by d?
31
Let t(c) = c**2 - c - 17. Let i be t(5). Let s(a) = -a**2 - 5*a**i - a - 15 + 7*a**3 + 17. What is the remainder when 47 is divided by s(2)?
11
Let b = 790 - 691. Let c(w) = 3*w**2 - 7*w - 11. Calculate the remainder when b is divided by c(5).
12
Let r(p) = 18*p**2 + 20*p - 97. Calculate the remainder when 131 is divided by r(3).
6
Let r(o) = -24*o + 34*o - 34 + 2*o**2 + 1. Let a be r(-18). Suppose -10*i = -1125 + a. Calculate the remainder when i is divided by 18.
15
Let m(t) = 4*t**2 - 17*t + 119. Let u be m(15). Suppose -u + 159 = -5*x. What is the remainder when x is divided by 14?
9
Let b(y) = -13*y**3 - 6*y**2 - 14*y + 13. Let h(z) = -6*z**3 - 3*z**2 - 7*z + 6. Let c(i) = -4*b(i) + 9*h(i). What is the remainder when 57 is divided by c(-2)?
17
Let t = -2698 - -2761. Calculate the remainder when t is divided by 11.
8
Suppose -5*q = h - 5*h, 0 = 5*h - 4*q - 9. Suppose -j - c + 28 = 0, -4*j + 4*c = h*c - 124. Calculate the remainder when 126 is divided by j.
30
Let p = 423 - 505. Let j = 90 + p. What is the remainder when 2/3 - 122/(-6) is divided by j?
5
Let c = -41 - -72. Suppose 4*y + 3*z - 38 = 5*z, 0 = y - 4*z - 13. Let i(f) = f**2 + 2*f - 90. What is the remainder when c is divided by i(y)?
4
Let d = -42 - -49. Suppose 5*z + 4*t - t - 22 = 0, -d = -z + 2*t. What is the remainder when 1 - 0 - (-177 - -4 - z) is divided by 36?
35
Let a = 3 - 352. Let q = a + 642. Calculate the remainder when q is divided by 42.
41
Let r(y) = -y**3 + 20*y**2 + y - 14. Let l be r(20). Let h be (224/6)/((-7)/(1071/l)). What is the remainder when (0 + -1)/(8/h) is divided by 40?
39
Suppose 2*j - 416 = 4*g, -8*j + 4*g + 628 = -5*j. Suppose 3*p - p - j = 0. Suppose p = 3*k + 79. What is the remainder when 32 is divided by k?
5
What is the remainder when 63 is divided by ((-880)/(-26))/1 + 204/1326?
29
Let d = -27269 - -36273. Calculate the remainder when d is divided by 10.
4
Let m = 11 - -26. Let y(k) = 3*k**3 + 57*k**2 + 31*k - 85. What is the remainder when y(-18) is divided by m?
33
Suppose -23 = -7*v + 68. Let h = v + 4. What is the remainder when 29 is divided by h?
12
Let s(m) = -111*m - 3. Let u be s(-4). Suppose -20*r + 17*r + u = 0. Suppose r = 5*d + 3*x + 56, 5*x = 10. What is the remainder when 67 is divided by d?
16
Suppose 4*m - 56 = -4*i, 4*i + 20 - 52 = 4*m. Let w(x) = x**2 - 46*x - 12. Let o be w(51). Let j = -225 + o. What is the remainder when j is divided by i?
7
Let m = -16402 + 16526. Calculate the remainder when m is divided by 28.
12
Let n(z) = -z**2 + 13*z - 5. Let x(b) = -3*b - 38. Let y be x(-18). Let u be n(y). Let t = -44 - u. What is the remainder when 17 is divided by t?
8
Calculate the remainder when 189 is divided by 1/(-3*((-4669)/(-7038) + 6/(-9))).
87
Suppose s + 2*v - 309 = 0, 0 = 132*v - 127*v - 15. What is the remainder when s is divided by 65?
43
Suppose -210*r = -218*r + 264. Suppose -4*o = 5*w - 40, 5*w - 5 = 15. Let p = 10 - o. Calculate the remainder when r is divided by p.
3
Let a(x) = 2 + 267*x - 262*x - 6 + 139*x**2. What is the remainder when a(1) is divided by 29?
24
Let n = 5363 + -4834. What is the remainder when n is divided by 114?
73
Let o(f) = -f**3 + 17*f**2 - 29*f + 24. Let s be o(15). Suppose -5*w = -3*t + 25, 5*t - s - 16 = -5*w. What is the remainder when 43 is divided by t?
3
Suppose 5*v - 101 = 3*p, -19*p + 18*p + 47 = 2*v. Calculate the remainder when 121 is divided by v.
11
Let c = 19 - 20. Calculate the remainder when (2/(-7))/(8/56) + 12 is divided by (10 + c)*(-28)/(-42).
4
Suppose 7*o - 3 = 6*o. Suppose -9*u = -8*u - o. Suppose 0 = -a + 4*a - 3*q - 45, u*a = -3*q + 63. Calculate the remainder when a is divided by 5.
3
Let y = 1732 - 1631. Calculate the remainder when 283 is divided by y.
81
Let w be (-25)/(-5)*(2/(-1))/(-10). Let f be ((-94)/(-6)*w)/((-7)/21). Let b = f + 73. Calculate the remainder when b is divided by 8.
2
Suppose -2*j + 3*j - 75 = 0. Suppose -65*s = -571 - 1704. Calculate the remainder when j is divided by s.
5
Let l be (-1 + 3)*(-5)/3*-3. Suppose 0 = 5*b - l - 15. Suppose -72 = -3*y + b*i, -3*y = -0*y - 3*i - 66. What is the remainder when 56 is divided by y?
18
Suppose 12*c + 515 = 3035. Suppose 20*v - c = 18*v. Suppose v*m - 109*m = -152. What is the remainder when m is divided by 22?
16
Let r = 961 - 314. Let w = 718 - r. What is the remainder when w is divided by 20?
11
Let s(x) = x**2 - x + 1. Let j(u) = -4*u**2 + 4*u - 68. Let r(v) = -j(v) - 3*s(v). Calculate the remainder when r(0) is divided by ((-17)/(-2))/((-4)/(-16)).
31
Suppose -11*j + 16*j = 2*f + 35282, 0 = 5*j + 4*f - 35246. Calculate the remainder when j is divided by 196.
194
Let v = -481 - -528. Suppose -4*k + 3*p = -1257 + 342, 2*p + 456 = 2*k. Calculate the remainder when k is divided by v.
43
Let h(y) = -y**2 - 25*y - 84. Let w(i) = -i -